*3 - 9*y**2 - 1 + 28*y. Let q be v(14). Suppose 0 = -2*h + 2*p + 1778, -p = 4*h - 4502 + q. Is h a prime number?
False
Suppose -6*o = -o - 3*n - 97, -2*o - n = -30. Suppose 13*w = o*w - 60532. Is w a composite number?
True
Suppose -4 = -4*x, -3*n = -4*n - 3*x + 7. Suppose 2805 = n*m - 37343. Is m a composite number?
False
Suppose -87*x + 86*x - 804 = 0. Let h(f) = 7*f - 2. Let z be h(-2). Is (20/z)/(3/x) prime?
False
Suppose 0 = 3*i + 789 - 17775. Let u = i + -2273. Is u a prime number?
True
Let y(i) = -406*i**3 + 23*i**2 + 26*i + 18. Is y(-7) a composite number?
False
Suppose -2*z + 857470 = s + 12630, -1267275 = -3*z - 4*s. Is z a prime number?
False
Let l = 70 + -130. Let y = 279 + l. Is y a composite number?
True
Is 227*208 + 77/(99/(-9)) composite?
True
Suppose -4*l - 4*d = -1584440, -12*d + 11*d + 1980522 = 5*l. Is l prime?
True
Suppose -577863 = -4*l - 3*w, -28910 = -3*l - 3*w + 404482. Is l a composite number?
True
Let m(b) = -10*b**2 + 27*b - 41. Let o be m(17). Let v = -541 - o. Is v a prime number?
True
Suppose 0 = 4*g - 32, 594311 = 2*u - 4*g - 579723. Is u composite?
False
Suppose -3*u = -25 - 2. Let k(v) = 18 + 42*v + 42 - 23. Is k(u) a composite number?
True
Let u be (-21 + 1)*(18 + -19). Let q(s) = s**3 - 5*s**2 + 3*s - 48. Let j be q(u). Suppose 4*i = -568 + j. Is i a prime number?
True
Let a(z) = 192*z + 933. Let m be a(35). Suppose 0 = c + 2*c - 3*y + 16362, 3*y = -c - 5438. Let t = c + m. Is t a composite number?
False
Let x = -882991 + 1320062. Is x prime?
True
Let t = -2425 - -4931. Let x be (-3)/(-12)*0 + -1611. Let j = t + x. Is j prime?
False
Suppose 24*i + 963876 = 36*i. Is i prime?
False
Suppose 77*a = -a + 49336638. Is a composite?
False
Suppose 4*s + 23060 = -14416. Let a = s + 14240. Is a prime?
True
Let g = -214 + 218. Suppose -g*w + 1252 = -2*v, 5*w - 2*v = -0*v + 1563. Is w prime?
True
Suppose 0 = -5*s + 2*q + 120975, -34694 = -2*s - 3*q + 13715. Is s prime?
True
Let a be 2389 + (-1)/(-1 + 0). Let m(k) = k**3 - 32*k**2 + 62*k - 56. Let f be m(30). Is (a/(-6))/(f/(-12)) a prime number?
False
Let s(f) = -2*f + 2. Let x be s(4). Let o be -3 - (3 + (-60)/6). Is x/(-9)*1146/o composite?
False
Suppose 16*p - 15*p - 270 = 0. Suppose -p = -30*y + 12*y. Let g(j) = j**3 - 13*j**2 - 7*j + 34. Is g(y) a composite number?
False
Let t = -63835 + 95142. Is t composite?
False
Let a = -56 + 14. Let n = a + 40. Is 83*(-65)/(-3 + n) prime?
False
Let t(v) = -2*v**2 - 27*v + 18. Let h be t(-14). Suppose 3*q - 1981 = h*w, -2*q + 4*w - 461 = -1783. Is q prime?
True
Let z(v) = v + 10. Let t be z(-12). Let x be 376/(-28) + (-32)/56. Is ((-1361)/t)/((-7)/x) a composite number?
False
Let w(r) = 13*r**2 + 110*r + 201. Is w(-36) a composite number?
True
Let o = -16 + 37. Let k = o + -17. Is (-16)/(8 - k) + 75 prime?
True
Let m(s) be the first derivative of 7*s**3/3 - 3*s**2/2 + 3*s + 14. Let l be m(1). Let j(f) = 6*f**2 + 4*f + 7. Is j(l) composite?
True
Let p be 21/14*34760/15. Suppose 4*h + 2*s + s = p, s = 2*h - 1738. Is h composite?
True
Let c(b) be the third derivative of 11*b**5/60 - 37*b**4/24 + 53*b**3/6 + 21*b**2 - b. Is c(15) composite?
False
Suppose -40*d = -41*d - 2*i + 2, 0 = -2*d - i + 7. Suppose 0 = 3*a - 4*a. Suppose d*x + 5*z - 146 = 0, x + 0*x + z - 37 = a. Is x a composite number?
True
Let z(q) be the first derivative of -q**4/4 + 10*q**3/3 - 9*q**2/2 + 2*q - 8. Let g be z(9). Let s = 164 + g. Is s a prime number?
False
Let x(p) = -3*p - 12. Let v = 86 - 89. Let l be x(v). Is -2*l/(-2)*1227/(-9) prime?
True
Suppose -3*s + 0*s = q + 19, 3*s = 3*q - 15. Suppose -8*r + 5*r = 4*d - 5, 4*r + 8 = 2*d. Is (-6)/d - (-1086 - s) a composite number?
True
Let z = 181531 + -96885. Is z a composite number?
True
Let j(s) = -36*s**2 + 10*s - 2. Let b(c) be the first derivative of -109*c**3/3 + 29*c**2/2 - 5*c - 6. Let o(w) = -3*b(w) + 8*j(w). Is o(6) a prime number?
True
Let s be 3 + 26/6*12. Is s/(-11)*(-1137)/15 composite?
False
Suppose -4*a = 3*f - 24 - 26, -5*f - 4*a + 70 = 0. Is 17/((-595)/f) - 746/(-14) a prime number?
True
Suppose -r = -3*c + 1555876, 21*c - 1037229 = 19*c + 5*r. Is c composite?
True
Let z(g) = -2*g**2 + 9*g + 45. Let t be z(7). Is 9447 - 1*((-9 - -4) + t) composite?
True
Suppose 14 = f - 2421. Suppose -4*w - f = -28599. Is w a prime number?
False
Let b(u) = -16*u**2 + 2*u. Let v be b(-5). Let g be (418/44)/((-2)/52). Let i = g - v. Is i composite?
False
Let r(n) = -965*n + 68. Let a be r(-26). Suppose 0 = -5*m + 11*m - a. Is m a composite number?
True
Is (-120)/144*(-4)/10*1070409 a composite number?
False
Suppose 14*o - 18 = 52. Suppose 0 = -4*k - o*v - 149, 0*v - 4*v = 5*k + 175. Let m = k - -37. Is m composite?
True
Let o = 24 + -22. Let m be o - -3*12/9. Suppose -3*t - 747 = -m*t. Is t composite?
True
Let l(x) = 139*x**2 + 7*x - 11. Let t be l(5). Suppose y = 4*o - 1305 + t, -o + 8691 = 4*y. Suppose -20 = -5*z + z, -3*b - 4*z + y = 0. Is b a prime number?
False
Let u(i) = -15*i + 1997. Is u(-52) a composite number?
False
Let l = -3902143 - -7020110. Is l composite?
False
Suppose -5*d + 5 = 3*y - y, -29 = -5*y + 4*d. Suppose -y*q = 2*s - 1081, 35 - 1714 = -3*s + 4*q. Is s composite?
True
Suppose 0 = -3*d - 74 - 94. Let a = d + 59. Suppose -4*q + a*q - 1964 = -4*o, -2*o + 982 = q. Is o composite?
False
Suppose 0 = 19*n - 58 - 284. Suppose -n*a + 13*a = -12895. Is a prime?
True
Let g(l) = 512*l - 3499. Is g(99) a composite number?
False
Let u(a) = 2 - 13*a + 304*a + 25 - 47. Let x be -4*2/8*-3. Is u(x) a composite number?
False
Suppose -4 = -p, 4*n - 1 - 3 = 4*p. Suppose -5*q + y + 295 = 6*y, 299 = n*q + 4*y. Let a = q + 6. Is a a composite number?
True
Let j(t) = -29*t**2 - 6*t + 8. Let g(q) = -28*q**2 - 7*q + 7. Let c(v) = -4*g(v) + 3*j(v). Let x be c(5). Let n = -336 + x. Is n a composite number?
True
Let q = 175 - -604. Let m = q + -480. Is m a composite number?
True
Let r = 524300 + -204573. Is r a composite number?
False
Let u(p) = 423*p**2 - 247*p + 17. Is u(-12) a composite number?
True
Is (16/20 - 1) + (-3 - (-1602393)/65) a prime number?
False
Let u(d) = -1362*d**3 - d**2 - 211*d - 1223. Is u(-6) composite?
False
Suppose 5277 = 2*b + 3*v, -3*b = b + 2*v - 10550. Suppose 7*i - 5994 = b. Suppose 4*j = 443 + i. Is j a composite number?
False
Let r = -5 - -11. Suppose -2 = 4*y + 2*w, 0 = y + 5*w - r + 2. Is (y/6*-2)/((-4)/(-1692)) prime?
False
Let o(c) = -151*c**3 - 6*c**2 + 32*c + 8. Is o(-9) composite?
False
Let c(k) = k + 15. Let u be c(0). Let l = -782 + 783. Is l - u/9 - 3143/(-21) prime?
True
Suppose 5*j + 9 = 6*j. Suppose -j*c + 51 = -2307. Let w = 421 - c. Is w a prime number?
False
Let s be (-4)/(-1) + (99/9 - 11). Suppose -4*d - 35520 = -4*w, 8*d + 35565 = s*w + 13*d. Is w a composite number?
True
Suppose 52616 = -6*c + 8*c + 5*m, 3*c + 4*m - 78917 = 0. Is c a prime number?
False
Suppose -c = -5*k - 135959 - 32780, 4*k - 674860 = -4*c. Is c a prime number?
True
Let x(w) = -3*w - 2. Let k be x(-2). Let a be (4/2 - -4)/(k/(-350)). Let l = a + 748. Is l a prime number?
True
Let h(x) = 3*x + 7 - 4*x**2 + x**3 + 0*x - 5*x**2. Let r = 1464 - 1455. Is h(r) composite?
True
Suppose -4*a - 291 = -2*b - b, -5*a - 366 = -3*b. Let t = -30 + a. Let z = 202 + t. Is z a prime number?
True
Let q be 19*((-1516)/18 + (-8)/(-36)). Let a = q + 91. Let l = a - -2724. Is l composite?
True
Is 52/8 + 16787276/88 prime?
False
Suppose 382106 = -84*o + 115*o. Suppose -5*q = 7*l - 8*l + o, 2*q = -6. Is l prime?
False
Suppose 0 = 4*a - a - 36. Suppose -2*m = v - 1225, -10*m = -a*m + 8. Is v a prime number?
True
Let k(x) = x**3 - 3*x**2 - 2*x - 2. Let y be k(4). Let u(g) = 9 + 213*g - 8 + 44*g + 18 - 52*g. Is u(y) prime?
True
Suppose 6*o - 17682 = 49926. Suppose 0 = -0*k - 6*k + o. Suppose -k = 5*v - 7*v. Is v prime?
False
Is (-45)/(-30)*(-1 - 1) + 9571*34 a composite number?
False
Let a(t) = 42*t**3 - 16*t**2 + 31*t - 421. Is a(12) a composite number?
False
Let b be 0/2 + 4 - (-11434)/(-2). Let x = 8342 + b. Is x prime?
False
Is ((-2)/(-5))/((-72)/(-81313380)) a composite number?
True
Suppose -27*v + 3256 = -100424. Suppose 5*j = -v + 12145. Is j composite?
True
Suppose 0 = 12*o - 43 - 77. Suppose 0 = -o*y - 5755 + 29685. Is y a prime number?
True
Let q(u) = 9*u - 23. Let w be q(17). Let k = -15 + w. Is k a prime number